{"id":21,"date":"2023-07-04T15:26:10","date_gmt":"2023-07-04T18:26:10","guid":{"rendered":"https:\/\/sitenovo.homolog.clubedepermuta.com.br\/?page_id=21"},"modified":"2024-01-29T15:08:28","modified_gmt":"2024-01-29T18:08:28","slug":"entre-em-contato-para-ser-um-associado","status":"publish","type":"page","link":"https:\/\/sitenovo.homolog.clubedepermuta.com.br\/index.php\/entre-em-contato-para-ser-um-associado\/","title":{"rendered":"Entre em contato para ser um associado"},"content":{"rendered":"\t\t<div data-elementor-type=\"wp-page\" data-elementor-id=\"21\" class=\"elementor elementor-21\" data-elementor-post-type=\"page\">\n\t\t\t\t<div class=\"elementor-element elementor-element-fab10b9 e-flex e-con-boxed e-con e-parent\" data-id=\"fab10b9\" data-element_type=\"container\" data-settings=\"{&quot;background_background&quot;:&quot;classic&quot;}\">\n\t\t\t\t\t<div class=\"e-con-inner\">\n\t\t\t\t<div class=\"elementor-element elementor-element-33425cd elementor-widget elementor-widget-heading\" data-id=\"33425cd\" data-element_type=\"widget\" data-widget_type=\"heading.default\">\n\t\t\t\t<div class=\"elementor-widget-container\">\n\t\t\t\t\t<h2 class=\"elementor-heading-title elementor-size-default\">Seja um <font color=\"#C62F40\">associado<\/font><\/h2>\t\t\t\t<\/div>\n\t\t\t\t<\/div>\n\t\t\t\t<div class=\"elementor-element elementor-element-11591a5 elementor-widget elementor-widget-text-editor\" data-id=\"11591a5\" data-element_type=\"widget\" data-widget_type=\"text-editor.default\">\n\t\t\t\t<div class=\"elementor-widget-container\">\n\t\t\t\t\t\t\t\t\t<p>No Clube de Permuta os associados aumentam seus investimentos e reduzem seus custos, trocando produtos e servi\u00e7os entre si. A grande vantagem \u00e9 que as trocas s\u00e3o multilaterais. Os associados do Clube de Permuta podem vender\/prestar servi\u00e7o para uma empresa e adquirir produtos e servi\u00e7os de outra. As transa\u00e7\u00f5es funcionam como uma conta corrente em que clientes acumulam cr\u00e9ditos ou d\u00e9bitos.<\/p><p>Grande vantagem para o neg\u00f3cio, a permuta multilateral \u00e9 a transa\u00e7\u00e3o comercial em que mais de duas partes concordam em trocar produtos\/servi\u00e7os entre si, sem a necessidade de um encontro de interesses, valores e disponibilidade. A troca pode ser realizada em momentos distintos das necessidades dos envolvidos. A necessidade de produto ou servi\u00e7o e valor de neg\u00f3cio s\u00e3o individuais. Cada parte compra o que precisa na hora que precisa.<\/p><p>O associado do Clube de Permuta tem acesso a um portal exclusivo, disponibilizado para cadastrar seus produtos e servi\u00e7os, fazer suas compras, pedidos de or\u00e7amentos em casos especiais e ainda consultar seu extrato online. Nas transa\u00e7\u00f5es, o pagamento n\u00e3o \u00e9 realizado em moeda corrente, mas sim em moeda interna do Clube, o Permutz. Cada produto ou servi\u00e7o preserva seu valor de mercado e cada associado define suas ofertas e restri\u00e7\u00f5es.<\/p><p>Al\u00e9m disso, o Clube de Permuta promove, periodicamente, eventos com o objetivo de integrar associados e gerar novos neg\u00f3cios, al\u00e9m da prospec\u00e7\u00e3o de novos associados. Todas as empresas s\u00e3o criteriosamente avaliadas para se associarem.<\/p>\t\t\t\t\t\t\t\t<\/div>\n\t\t\t\t<\/div>\n\t\t\t\t<div class=\"elementor-element elementor-element-241a9dc elementor-widget-divider--view-line elementor-widget elementor-widget-divider\" data-id=\"241a9dc\" data-element_type=\"widget\" data-widget_type=\"divider.default\">\n\t\t\t\t<div class=\"elementor-widget-container\">\n\t\t\t\t\t\t\t<div class=\"elementor-divider\">\n\t\t\t<span class=\"elementor-divider-separator\">\n\t\t\t\t\t\t<\/span>\n\t\t<\/div>\n\t\t\t\t\t\t<\/div>\n\t\t\t\t<\/div>\n\t\t\t\t<div class=\"elementor-element elementor-element-3401c3e elementor-widget elementor-widget-html\" data-id=\"3401c3e\" data-element_type=\"widget\" data-widget_type=\"html.default\">\n\t\t\t\t<div class=\"elementor-widget-container\">\n\t\t\t\t\t<iframe id=\"meuiframe\" src=\"https:\/\/clubedepermuta.com.br\/iframe\/novo_associado.php\"><\/iframe>\t\t\t\t<\/div>\n\t\t\t\t<\/div>\n\t\t\t\t\t<\/div>\n\t\t\t\t<\/div>\n\t\t\t\t<\/div>\n\t\t","protected":false},"excerpt":{"rendered":"<p>Seja um associado No Clube de Permuta os associados aumentam seus investimentos e reduzem seus custos, trocando produtos e servi\u00e7os entre si. A grande vantagem \u00e9 que as trocas s\u00e3o multilaterais. Os associados do Clube de Permuta podem vender\/prestar servi\u00e7o para uma empresa e adquirir produtos e servi\u00e7os de outra. As transa\u00e7\u00f5es funcionam como uma [&hellip;]<\/p>\n","protected":false},"author":1,"featured_media":0,"parent":0,"menu_order":0,"comment_status":"closed","ping_status":"closed","template":"elementor_header_footer","meta":{"_monsterinsights_skip_tracking":false,"_monsterinsights_sitenote_active":false,"_monsterinsights_sitenote_note":"","_monsterinsights_sitenote_category":0,"footnotes":""},"class_list":["post-21","page","type-page","status-publish","hentry"],"_links":{"self":[{"href":"https:\/\/sitenovo.homolog.clubedepermuta.com.br\/index.php\/wp-json\/wp\/v2\/pages\/21","targetHints":{"allow":["GET"]}}],"collection":[{"href":"https:\/\/sitenovo.homolog.clubedepermuta.com.br\/index.php\/wp-json\/wp\/v2\/pages"}],"about":[{"href":"https:\/\/sitenovo.homolog.clubedepermuta.com.br\/index.php\/wp-json\/wp\/v2\/types\/page"}],"author":[{"embeddable":true,"href":"https:\/\/sitenovo.homolog.clubedepermuta.com.br\/index.php\/wp-json\/wp\/v2\/users\/1"}],"replies":[{"embeddable":true,"href":"https:\/\/sitenovo.homolog.clubedepermuta.com.br\/index.php\/wp-json\/wp\/v2\/comments?post=21"}],"version-history":[{"count":1,"href":"https:\/\/sitenovo.homolog.clubedepermuta.com.br\/index.php\/wp-json\/wp\/v2\/pages\/21\/revisions"}],"predecessor-version":[{"id":1625,"href":"https:\/\/sitenovo.homolog.clubedepermuta.com.br\/index.php\/wp-json\/wp\/v2\/pages\/21\/revisions\/1625"}],"wp:attachment":[{"href":"https:\/\/sitenovo.homolog.clubedepermuta.com.br\/index.php\/wp-json\/wp\/v2\/media?parent=21"}],"curies":[{"name":"wp","href":"https:\/\/api.w.org\/{rel}","templated":true}]}}